n factor of 11 and 1?
1
What is the greatest common factor of 535 and 1177?
107
Calculate the greatest common factor of 330 and 996.
6
Calculate the greatest common factor of 6 and 2.
2
Calculate the highest common divisor of 54 and 2511.
27
What is the greatest common divisor of 340 and 9180?
340
What is the highest common divisor of 20 and 8?
4
Calculate the highest common divisor of 72 and 468.
36
Calculate the highest common divisor of 528 and 858.
66
What is the greatest common factor of 9163 and 187?
187
What is the greatest common factor of 51 and 36?
3
What is the highest common factor of 850 and 1870?
170
What is the greatest common divisor of 261 and 29?
29
Calculate the highest common factor of 6 and 8.
2
Calculate the greatest common factor of 30107 and 161.
161
What is the highest common divisor of 18645 and 110?
55
Calculate the highest common divisor of 50 and 90.
10
Calculate the greatest common factor of 775 and 500.
25
Calculate the greatest common factor of 216 and 63.
9
Calculate the highest common divisor of 104 and 1079.
13
Calculate the highest common divisor of 1150 and 100.
50
What is the greatest common divisor of 43 and 129?
43
What is the highest common factor of 17 and 1?
1
Calculate the greatest common factor of 74 and 74.
74
Calculate the highest common divisor of 256 and 192.
64
Calculate the highest common divisor of 9738 and 18.
18
What is the greatest common divisor of 1615 and 190?
95
What is the greatest common factor of 9648 and 144?
144
Calculate the greatest common divisor of 329 and 1175.
47
What is the greatest common divisor of 66 and 88?
22
Calculate the highest common divisor of 128 and 96.
32
Calculate the greatest common divisor of 3428 and 8.
4
Calculate the greatest common divisor of 60 and 108.
12
What is the highest common factor of 16 and 16?
16
Calculate the highest common divisor of 56202 and 174.
174
What is the highest common factor of 10 and 1250?
10
Calculate the greatest common divisor of 8 and 7.
1
What is the highest common factor of 62 and 279?
31
What is the greatest common divisor of 54 and 72?
18
What is the highest common divisor of 1020 and 36?
12
What is the greatest common divisor of 1339 and 13?
13
What is the greatest common divisor of 572 and 44?
44
What is the greatest common factor of 27090 and 42?
42
Calculate the greatest common divisor of 1708 and 488.
244
Calculate the highest common divisor of 96 and 1824.
96
Calculate the highest common factor of 7693 and 157.
157
What is the greatest common factor of 175 and 133?
7
Calculate the highest common factor of 255 and 816.
51
What is the greatest common divisor of 24 and 456?
24
Calculate the greatest common divisor of 296 and 40.
8
What is the highest common divisor of 18796 and 148?
148
Calculate the highest common divisor of 196 and 28.
28
What is the highest common factor of 2034 and 72?
18
Calculate the greatest common factor of 188 and 32524.
188
Calculate the greatest common factor of 24 and 6900.
12
Calculate the highest common factor of 459 and 51.
51
Calculate the highest common divisor of 616 and 231.
77
Calculate the greatest common factor of 78 and 4654.
26
What is the highest common divisor of 415 and 249?
83
What is the greatest common factor of 45 and 1035?
45
What is the highest common factor of 196 and 14?
14
Calculate the highest common factor of 125 and 30.
5
Calculate the greatest common factor of 106 and 53.
53
What is the highest common factor of 69 and 805?
23
What is the highest common factor of 26 and 1573?
13
What is the greatest common factor of 348 and 384?
12
Calculate the greatest common factor of 53206 and 148.
74
Calculate the greatest common factor of 2044 and 21.
7
What is the highest common divisor of 16 and 368?
16
What is the greatest common divisor of 15216 and 48?
48
Calculate the highest common divisor of 8 and 116.
4
What is the greatest common factor of 48 and 17736?
24
What is the highest common divisor of 188 and 22?
2
What is the highest common divisor of 6 and 44202?
6
Calculate the highest common factor of 17 and 47.
1
What is the highest common divisor of 12 and 116?
4
Calculate the highest common divisor of 413 and 59.
59
What is the greatest common divisor of 254 and 45466?
254
Calculate the highest common factor of 96 and 144.
48
What is the highest common factor of 9131 and 368?
23
What is the highest common factor of 378 and 168?
42
What is the highest common factor of 589 and 133?
19
What is the greatest common divisor of 7 and 266?
7
What is the greatest common factor of 44 and 550?
22
Calculate the greatest common divisor of 12214 and 93.
31
Calculate the highest common divisor of 14 and 203.
7
What is the highest common factor of 96 and 18?
6
What is the highest common divisor of 30 and 760?
10
What is the greatest common divisor of 1572 and 24?
12
What is the greatest common factor of 2112 and 66?
66
Calculate the greatest common factor of 108 and 36.
36
What is the highest common divisor of 44 and 1177?
11
Calculate the highest common factor of 1 and 67.
1
Calculate the highest common factor of 66 and 198.
66
Calculate the highest common factor of 124 and 4.
4
Calculate the greatest common divisor of 1650 and 66.
66
Calculate the highest common factor of 2151 and 36.
9
What is the highest common factor of 590 and 530?
10
What is the greatest common divisor of 51 and 2108?
17
Calculate the greatest common divisor of 41 and 369.
41
What is the highest common divisor of 651 and 63?
21
What is the highest common factor of 171 and 603?
9
What is the greatest common divisor of 138 and 14007?
69
What is the highest common factor of 30 and 114?
6
What is the greatest common factor of 24 and 11520?
24
Calculate the highest common factor of 8 and 40.
8
Calculate the highest common divisor of 108 and 72.
36
What is the highest common divisor of 320 and 10?
10
What is the highest common divisor of 1071 and 119?
119
What is the highest common divisor of 50 and 2?
2
Calculate the greatest common factor of 793 and 13.
13
Calculate the highest common divisor of 486 and 12.
6
Calculate the highest common factor of 5 and 1455.
5
Calculate the highest common factor of 170 and 40.
10
What is the highest common divisor of 240 and 150?
30
Calculate the highest common divisor of 2 and 82.
2
Calculate the highest common factor of 115 and 161.
23
Calculate the greatest common factor of 2296 and 56.
56
What is the highest common divisor of 21 and 483?
21
What is the highest common divisor of 82 and 656?
82
What is the highest common divisor of 248 and 20584?
248
Calculate the greatest common divisor of 2114 and 28.
14
Calculate the greatest common factor of 847 and 77.
77
Calculate the greatest common divisor of 25 and 325.
25
Calculate the greatest common factor of 70 and 14.
14
Calculate the highest common divisor of 78 and 195.
39
Calculate the greatest common factor of 764 and 12.
4
What is the highest common divisor of 84 and 11319?
21
Calculate the highest common factor of 2364 and 2167.
197
What is the highest common divisor of 144 and 117?
9
What is the greatest common divisor of 17 and 17?
17
What is the greatest common divisor of 549 and 27?
9
Calculate the greatest common divisor of 6896 and 1.
1
Calculate the highest common divisor of 90 and 36.
18
What is the highest common divisor of 39 and 80?
1
What is the greatest common divisor of 162 and 47466?
162
What is the greatest common factor of 3531 and 44?
11
Calculate the greatest common divisor of 4760 and 175.
35
Calculate the greatest common factor of 221 and 17.
17
What is the greatest common divisor of 275 and 1969?
11
Calculate the greatest common factor of 32 and 208.
16
What is the greatest common divisor of 77 and 3267?
11
Calculate the highest common divisor of 324 and 3732.
12
Calculate the greatest common factor of 176 and 544.
16
What is the highest common divisor of 2213 and 2?
1
Calculate the highest common factor of 434 and 124.
62
What is the greatest common factor of 445 and 178?
89
Calculate the highest common factor of 99 and 187.
11
Calculate the greatest common factor of 14 and 3878.
14
Calculate the greatest common divisor of 1095 and 15.
15
Calculate the greatest common divisor of 226 and 69382.
2